 List the prime factors of u(13).
3, 7
Let v = 103 + -69. What are the prime factors of v?
2, 17
Suppose 4*l = w - 76 + 13, -189 = -3*w + 4*l. Suppose 2*a - 12 = o + w, -5*a + o = -180. What are the prime factors of a?
5, 7
What are the prime factors of 138/(-4)*(-2)/3?
23
Suppose 2*h + 24 = 4*a, 3*h + 44 = -5*a + 3*a. Let u = h + 25. Suppose 0*g = g - u. What are the prime factors of g?
11
Let v = -17 + 17. Suppose -l + 2*z - 4 = v, 0 = -l - l + 5*z - 11. List the prime factors of l.
2
Suppose -2*g + 601 = -3*o, -756 - 750 = -5*g + 4*o. What are the prime factors of g?
2, 151
Let n be (1 + 2)/((-1)/(-4)). Let r be 15/(-2)*n/(-15). Suppose -5*s = 5*m - r*m - 10, 5*s = 4*m + 10. What are the prime factors of s?
2
Let i(a) = 43*a**3 + a**2 - a + 1. List the prime factors of i(1).
2, 11
Let u = 255 + -88. List the prime factors of u.
167
Let v be (-2)/9 + (-40)/(-18). Suppose -v*d - 61 = -3*z, -2*z - 3*d + 30 = d. What are the prime factors of z?
19
Let d(y) = 3*y**2 + 2*y - 4. Let s be d(-3). Let n = -11 + s. Suppose 4*j - 18 = n. List the prime factors of j.
2, 3
Let a(u) be the second derivative of -u + 1/20*u**5 + 0 + 3*u**2 - 2/3*u**3 - 1/3*u**4. What are the prime factors of a(5)?
11
What are the prime factors of 20 + -22 + 356/2?
2, 11
Let d = -1 + 4. Let o be 1/(7/d - 2). Suppose 15 = j - 2*f - o*f, -4*f = 2*j - 2. What are the prime factors of j?
5
Suppose 0 = -5*y + q - 2*q + 655, 3*y - 3*q - 375 = 0. List the prime factors of y.
2, 5, 13
Let l(v) = v**3 + 12*v**2 + 9*v - 4. List the prime factors of l(-11).
2, 3
Suppose -2*r - 226 = -2*w + 202, -4*r = -5*w + 1075. List the prime factors of w.
3, 73
Suppose 4*o - 2 + 31 = 3*j, -2*j - 42 = 5*o. Let w = 11 + o. Suppose 0 = w*u + 2*u - 75. What are the prime factors of u?
3, 5
Let d = -8 + 17. Let q(b) = -b**2 + 8*b + 7. Let h be q(d). Let r = h - -10. List the prime factors of r.
2
Let x = -3 - -2. Let c = -40 - -24. List the prime factors of c/2*x + 2.
2, 5
Suppose 0 = -3*m - 0*m. Suppose 0 = -3*h - m*h + 27. List the prime factors of h.
3
Let n(c) = -c**3 - 5*c**2 - 2*c - 3. Let d(v) = v - 1 - 3 - 1. Let f be d(0). List the prime factors of n(f).
7
Suppose -20 = -7*o + 3*o. Let l = 7 - o. Suppose -3*a + 45 = l*a. What are the prime factors of a?
3
What are the prime factors of -2 + (-12)/(-5) + 14364/190?
2, 19
Let t = 190 - 133. What are the prime factors of t?
3, 19
Suppose -a + d = 2*a - 16, -19 = -3*a + 4*d. Let z = a - 1. Suppose -5*u = z*k - 39, -24 = -3*u + 4*k - 7*k. What are the prime factors of u?
7
Suppose 4*k - 31 + 7 = 0. Let l = 66 + -36. Suppose -d = -k*d + l. List the prime factors of d.
2, 3
Suppose 2*a - 2*p - 31 = -9, 5*a - p = 59. List the prime factors of a.
2, 3
Let h = 23 - 19. Suppose 4*j = h, 93 = 4*g - 4*j + j. What are the prime factors of g?
2, 3
Suppose 18*q - 13*q = 40. Suppose -q = 4*v, -2*v = 3*j - 6*v - 41. What are the prime factors of j?
11
Let q = -30 - -306. List the prime factors of q.
2, 3, 23
What are the prime factors of 3/(((-2)/(-6))/(58/18))?
29
Let t = -152 + 214. What are the prime factors of t?
2, 31
Suppose 2*q = -0*q. Let c = q - -11. What are the prime factors of c?
11
Let c be (1 + 1 + 2)*-1. Let k be (-14)/(-8) + (-1)/c. What are the prime factors of ((-56)/(-4))/(k*1)?
7
Suppose 0 = 9*l - 2531 + 335. What are the prime factors of l?
2, 61
Let q be (-4 - 0) + 444/3. Suppose h = -5*f + 36, -f = 4*h + f - q. List the prime factors of h.
2, 3
Let n(r) = -10*r + 8. List the prime factors of n(-5).
2, 29
Let j be 60/8 + 2/(-4). Let l = 11 - j. List the prime factors of l.
2
Let f = -78 - -33. Let c = -31 - f. List the prime factors of c.
2, 7
Let b(a) = 2*a**2 - 11*a - 14. What are the prime factors of b(12)?
2, 71
Suppose 3*v + 18 = -3*f, 4*v - 5 = 5*f - 2. Let s = f + 7. Suppose 5*c - 4*u + 2*u = 55, -3*c + 7 = s*u. What are the prime factors of c?
3
Let p(w) = -4*w - 2. Let g be p(-2). Suppose 5*i + 1 = g. Suppose -i = 5*j - 11. What are the prime factors of j?
2
Let f(g) = -g**2 + 6*g. Let c be f(5). Suppose o - 11 = -c. Suppose 2*m + 0*m = o. List the prime factors of m.
3
Suppose -232 = -7*k + 3*k. List the prime factors of k.
2, 29
Suppose -3*y = -i - y, -3*i - y = -14. Suppose 4*b - 9 - 27 = 0. Suppose -i*d = -53 + b. What are the prime factors of d?
11
Let o(w) = -w**3 + 8*w**2 - 3*w - 6. List the prime factors of o(6).
2, 3
Let i(f) = 17*f + 19. What are the prime factors of i(10)?
3, 7
Suppose 2*t + 23 = w - 2*t, -4*w + t + 122 = 0. What are the prime factors of w?
31
Let w be ((-3)/(-9))/((-1)/21). Let f(x) = -x**2 - 7*x. Let i be f(w). Suppose i = q - 0 - 13. List the prime factors of q.
13
Let h = 3 - 2. List the prime factors of 24/3 - h/(-1).
3
Let x(r) = 0*r**2 - r**2 - 3 - 8*r + 6. Let i be x(-6). Let p = i + -1. What are the prime factors of p?
2, 7
Suppose 2*c - 11 = -3. Suppose f - 5 = -2*o, -c*o - 2*f + 7 = -o. What are the prime factors of o?
3
Let b(v) = v - 2. Let g be b(3). Let q(a) = -a + 5*a + a + g. List the prime factors of q(1).
2, 3
Let k(v) = v**2 + 1. What are the prime factors of k(6)?
37
Let d = -11 - -14. List the prime factors of d.
3
Let h = 9 + 0. What are the prime factors of 360/h - 1*3?
37
Suppose 0 = -3*r + 106 + 77. What are the prime factors of r?
61
Let r(a) = 0*a + 5 + 3*a + 1 - 2. List the prime factors of r(5).
19
Suppose 0 = -3*t + 1 + 2, 0 = 3*o + 2*t - 11. Suppose 4*b + d = 2*d + 49, -o*d + 21 = 2*b. List the prime factors of b.
2, 3
Let c(l) = l - 1. Let h be c(3). Suppose -h*o = 3 + 5. List the prime factors of ((-4)/3)/o*15.
5
Let a be 2/4 - 15/(-6). Suppose 0*w - 24 = -a*w. Suppose -w*m = -3*m - 40. List the prime factors of m.
2
Let l(g) = 0*g - 6 - g**2 + 5*g - 2*g. Let v be l(5). Let k = v - -26. What are the prime factors of k?
2, 5
Let a(j) be the third derivative of -j**2 - 1/12*j**4 + 0 + 0*j - 11/60*j**5 - 1/120*j**6 - 5/3*j**3. What are the prime factors of a(-11)?
2, 3
Suppose 48 = -4*l - 28. Let u = l + 46. What are the prime factors of u?
3
Suppose -d - 4*k = -46, 2*d + 25 = -3*k + 107. What are the prime factors of d?
2, 19
Suppose -4*m + 14 + 34 = 0. List the prime factors of m.
2, 3
Let m = 0 + 4. Let z(n) = n + 1. List the prime factors of z(m).
5
Let o = 15 - -3. Let i = o + 14. What are the prime factors of i?
2
Suppose -5*c - 3 = -2*c, 3*u = 5*c + 113. List the prime factors of u.
2, 3
What are the prime factors of 5/5 - (-129)/3?
2, 11
Suppose 63 = -2*v + 293. List the prime factors of v.
5, 23
Let j = 9 + -28. Let d = j - -38. List the prime factors of d.
19
Suppose 2*r = r - 2. Let j be ((-3)/r)/(5/10). What are the prime factors of (-12)/j*9/(-4)?
3
Suppose 0 = -0*l - 5*l + 3*q + 222, 0 = -5*l - q + 226. Suppose -11 = 2*i - l. List the prime factors of i.
17
Suppose -1052 = -f - 3*f. Suppose 4*b + b = 2*y + f, 0 = -5*b - y + 266. Suppose -m = 4*g - b, -4*m + 5*m + 17 = g. What are the prime factors of g?
2, 7
Suppose -3*g - d - 44 = -6*g, 3*d - 3 = 0. List the prime factors of g.
3, 5
Let h(i) = i - 10. Let x be h(7). What are the prime factors of (-2)/x - (-410)/15?
2, 7
Suppose c - 5*c = -5*d + 224, -2*d = 3*c - 108. List the prime factors of d.
2, 3
Let f(x) = 2*x**2. Let m be (-1*(4 - 2))/1. Let t be f(m). List the prime factors of 53/4 + (-2)/t.
13
Let u = 26 + -16. What are the prime factors of u?
2, 5
Let o(s) = -2*s**2 - 2*s - 2. Let t be o(-2). Let v = t - -11. What are the prime factors of (v + -3)/((-1)/(-4))?
2
Let v(g) = 2*g**3 + 2*g - 1. Suppose -3*r - 3 - 2 = 2*h, 3*r - 5*h = 23. Let f be v(r). Suppose 2*t = -2*m + 20, -f*t + 5 = -4. List the prime factors of m.
7
Let f(p) = -p + 2*p - 7 + 0 + 2. Let i be f(3). What are the prime factors of 4/(-3)*9/i?
2, 3
Suppose 0 = -0*v - 3*v + 12. Let g = 3 - 1. Suppose 3*r - g*c = 24, -33 = -3*r + v*c + c. List the prime factors of r.
2, 3
Suppose 0 = 41*g - 43*g + 302. List the prime factors of g.
151
Let h(r) be the third derivative of r**4/4 + r**3/6 + 4*r**2. What are the prime factors of h(1)?
7
Let w = -13 + 14. What are the prime factors of ((5*10)/2)/w?
5
Let r be 1/3 + (-4)/(-6). Let c(b) = 7 + 11*b**3 + 3 + 0 + b - 11. List the prime factors of c(r).
11
Let d be (-151)/(-4) - 2/(-8). Let v(s) = -s**2 - 15*s - 11. Let b be v(-14). Suppose b*c = -4*u + 19, 5*u + 0*c = c + d. List the prime facto